{"id":19,"date":"2023-07-16T19:51:52","date_gmt":"2023-07-16T17:51:52","guid":{"rendered":"http:\/\/192.168.0.103:37270\/?page_id=19"},"modified":"2023-07-16T19:51:52","modified_gmt":"2023-07-16T17:51:52","slug":"baby-judo","status":"publish","type":"page","link":"https:\/\/judoclublarcayveretz.fr\/index.php\/les-cours\/baby-judo\/","title":{"rendered":"Baby Judo"},"content":{"rendered":"\n<p>Destin\u00e9 aux enfants de 4 \u00e0 6 ans, le Baby Judo a pour objectif d&rsquo;initier les plus petits aux rites li\u00e9s aux arts martiaux, que ce soit la d\u00e9couverte :<\/p>\n\n\n\n<ul class=\"wp-block-list\">\n<li>de l&rsquo;environnement (le dojo)<\/li>\n\n\n\n<li>du mat\u00e9riel (le tatami, le kimono)<\/li>\n\n\n\n<li>des personnes (le professeur, les autres enfants)<\/li>\n<\/ul>\n\n\n\n<p>Il permet \u00e9galement \u00e0 l&rsquo;enfant de d\u00e9velopper sa motricit\u00e9 au travers de jeux adapt\u00e9s \u00e0 son \u00e2ge. Il apprendra ainsi :<\/p>\n\n\n\n<ul class=\"wp-block-list\">\n<li>Les d\u00e9placements rapides (avant, arri\u00e8re, lat\u00e9ral)<\/li>\n\n\n\n<li>Le sens de l&rsquo;\u00e9quilibre<\/li>\n\n\n\n<li>Savoir chuter sans se faire mal<\/li>\n\n\n\n<li>L\u2019acquisition de r\u00e9flexes par la r\u00e9p\u00e9tition<\/li>\n<\/ul>\n\n\n\n<p>Enfin, le Baby Judo permet \u00e0 l&rsquo;enfant de se d\u00e9velopper socialement au travers du sport. Il y verra ainsi :<\/p>\n\n\n\n<ul class=\"wp-block-list\">\n<li>La notion de respect (du professeur, de l&rsquo;adversaire, des r\u00e8gles du jeu)<\/li>\n\n\n\n<li>Canaliser son \u00e9nergie pour accomplir un but<\/li>\n\n\n\n<li>Apprendre \u00e0 coop\u00e9rer avec les autres<\/li>\n\n\n\n<li>D\u00e9couvrir les valeurs morales fortes du judo (pers\u00e9v\u00e9rance, sinc\u00e9rit\u00e9, modestie)<\/li>\n<\/ul>\n","protected":false},"excerpt":{"rendered":"<p>Destin\u00e9 aux enfants de 4 \u00e0 6 ans, le Baby Judo a pour objectif d&rsquo;initier les plus petits aux rites li\u00e9s aux arts martiaux, que ce soit la d\u00e9couverte : Il permet \u00e9galement \u00e0 l&rsquo;enfant de d\u00e9velopper sa motricit\u00e9 au travers de jeux adapt\u00e9s \u00e0 son \u00e2ge. Il apprendra ainsi : Enfin, le Baby Judo [&hellip;]<\/p>\n","protected":false},"author":1,"featured_media":0,"parent":17,"menu_order":1,"comment_status":"closed","ping_status":"closed","template":"","meta":{"footnotes":""},"class_list":["post-19","page","type-page","status-publish","hentry"],"_links":{"self":[{"href":"https:\/\/judoclublarcayveretz.fr\/index.php\/wp-json\/wp\/v2\/pages\/19","targetHints":{"allow":["GET"]}}],"collection":[{"href":"https:\/\/judoclublarcayveretz.fr\/index.php\/wp-json\/wp\/v2\/pages"}],"about":[{"href":"https:\/\/judoclublarcayveretz.fr\/index.php\/wp-json\/wp\/v2\/types\/page"}],"author":[{"embeddable":true,"href":"https:\/\/judoclublarcayveretz.fr\/index.php\/wp-json\/wp\/v2\/users\/1"}],"replies":[{"embeddable":true,"href":"https:\/\/judoclublarcayveretz.fr\/index.php\/wp-json\/wp\/v2\/comments?post=19"}],"version-history":[{"count":0,"href":"https:\/\/judoclublarcayveretz.fr\/index.php\/wp-json\/wp\/v2\/pages\/19\/revisions"}],"up":[{"embeddable":true,"href":"https:\/\/judoclublarcayveretz.fr\/index.php\/wp-json\/wp\/v2\/pages\/17"}],"wp:attachment":[{"href":"https:\/\/judoclublarcayveretz.fr\/index.php\/wp-json\/wp\/v2\/media?parent=19"}],"curies":[{"name":"wp","href":"https:\/\/api.w.org\/{rel}","templated":true}]}}