{"id":15,"date":"2023-07-16T19:49:32","date_gmt":"2023-07-16T17:49:32","guid":{"rendered":"http:\/\/192.168.0.103:37270\/?page_id=15"},"modified":"2023-07-16T19:49:32","modified_gmt":"2023-07-16T17:49:32","slug":"tarifs","status":"publish","type":"page","link":"https:\/\/judoclublarcayveretz.fr\/index.php\/infos-pratiques\/tarifs\/","title":{"rendered":"Tarifs"},"content":{"rendered":"\n<p>Les frais de licence sont d\u00fbs en totalit\u00e9 en septembre quelle que soit la cat\u00e9gorie choisie.<\/p>\n\n\n\n<p>L&rsquo;inscription \u00e0 un groupe est r\u00e9glable en 1, 2, 3, 5 ou 10 fois.<\/p>\n\n\n\n<figure class=\"wp-block-table\"><table><thead><tr><th>Cat\u00e9gorie<\/th><th>Tarif<\/th><\/tr><\/thead><tbody><tr><td>Licence FFJDA et adh\u00e9sion d\u00e9partementale<\/td><td>55\u20ac<\/td><\/tr><tr><td>Baby 4-5 ans<\/td><td>130\u20ac<\/td><\/tr><tr><td>Judo \/ Self-D\u00e9fense<\/td><td>160\u20ac<\/td><\/tr><tr><td>Remise en forme \/ Ta\u00efso<\/td><td>160\u20ac<\/td><\/tr><\/tbody><\/table><\/figure>\n","protected":false},"excerpt":{"rendered":"<p>Les frais de licence sont d\u00fbs en totalit\u00e9 en septembre quelle que soit la cat\u00e9gorie choisie. L&rsquo;inscription \u00e0 un groupe est r\u00e9glable en 1, 2, 3, 5 ou 10 fois. Cat\u00e9gorie Tarif Licence FFJDA et adh\u00e9sion d\u00e9partementale 55\u20ac Baby 4-5 ans 130\u20ac Judo \/ Self-D\u00e9fense 160\u20ac Remise en forme \/ Ta\u00efso 160\u20ac<\/p>\n","protected":false},"author":1,"featured_media":0,"parent":9,"menu_order":0,"comment_status":"closed","ping_status":"closed","template":"","meta":{"footnotes":""},"class_list":["post-15","page","type-page","status-publish","hentry"],"_links":{"self":[{"href":"https:\/\/judoclublarcayveretz.fr\/index.php\/wp-json\/wp\/v2\/pages\/15","targetHints":{"allow":["GET"]}}],"collection":[{"href":"https:\/\/judoclublarcayveretz.fr\/index.php\/wp-json\/wp\/v2\/pages"}],"about":[{"href":"https:\/\/judoclublarcayveretz.fr\/index.php\/wp-json\/wp\/v2\/types\/page"}],"author":[{"embeddable":true,"href":"https:\/\/judoclublarcayveretz.fr\/index.php\/wp-json\/wp\/v2\/users\/1"}],"replies":[{"embeddable":true,"href":"https:\/\/judoclublarcayveretz.fr\/index.php\/wp-json\/wp\/v2\/comments?post=15"}],"version-history":[{"count":0,"href":"https:\/\/judoclublarcayveretz.fr\/index.php\/wp-json\/wp\/v2\/pages\/15\/revisions"}],"up":[{"embeddable":true,"href":"https:\/\/judoclublarcayveretz.fr\/index.php\/wp-json\/wp\/v2\/pages\/9"}],"wp:attachment":[{"href":"https:\/\/judoclublarcayveretz.fr\/index.php\/wp-json\/wp\/v2\/media?parent=15"}],"curies":[{"name":"wp","href":"https:\/\/api.w.org\/{rel}","templated":true}]}}

<p>Les frais de licence sont dûs en totalité en septembre quelle que soit la catégorie choisie.</p>



<p>L&rsquo;inscription à un groupe est réglable en 1, 2, 3, 5 ou 10 fois.</p>



<figure class="wp-block-table"><table><thead><tr><th>Catégorie</th><th>Tarif</th></tr></thead><tbody><tr><td>Licence FFJDA et adhésion départementale</td><td>55€</td></tr><tr><td>Baby 4-5 ans</td><td>130€</td></tr><tr><td>Judo / Self-Défense</td><td>160€</td></tr><tr><td>Remise en forme / Taïso</td><td>160€</td></tr></tbody></table></figure>

<p>Les frais de licence sont dûs en totalité en septembre quelle que soit la catégorie choisie. L&rsquo;inscription à un groupe est réglable en 1, 2, 3, 5 ou 10 fois. Catégorie Tarif Licence FFJDA et adhésion départementale 55€ Baby 4-5 ans 130€ Judo / Self-Défense 160€ Remise en forme / Taïso 160€</p>
